+ 611532?
611532
In base 9, what is 284 - -366?
661
In base 6, what is 30 - -35243?
35313
In base 8, what is -103 + -214?
-317
In base 16, what is -2720a + -5?
-2720f
In base 15, what is -1 + -c4c66?
-c4c67
In base 7, what is -3 - 151423?
-151426
In base 10, what is -5 - 900531?
-900536
In base 6, what is 12253 - -131?
12424
In base 4, what is -3110000 - 12?
-3110012
In base 2, what is 1101 - -10100111001010?
10100111010111
In base 6, what is -45 - 102410?
-102455
In base 11, what is -7 + 2380?
2374
In base 10, what is 73 + -2394?
-2321
In base 12, what is 1a8882 - 2?
1a8880
In base 10, what is 492 - 1972?
-1480
In base 6, what is -13335144 + 0?
-13335144
In base 11, what is -1655aa + 4?
-1655a6
In base 16, what is 576 + fc?
672
In base 11, what is -2a2 + 24?
-279
In base 16, what is -f3 + 1e46?
1d53
In base 14, what is 0 + 53476?
53476
In base 8, what is 3107 - -24?
3133
In base 15, what is 1 - 1779?
-1778
In base 8, what is 16244 + 20?
16264
In base 5, what is -10 + 112332434?
112332424
In base 2, what is 11010 + -1011001100?
-1010110010
In base 8, what is 143 - 16542?
-16377
In base 15, what is 3 + -11a6b?
-11a68
In base 12, what is -2b5 - 224?
-519
In base 9, what is 104 + -8580?
-8475
In base 16, what is -58 - 5a1?
-5f9
In base 12, what is -1 + -113025?
-113026
In base 13, what is 1 + 8376?
8377
In base 7, what is 2460006 + 6?
2460015
In base 7, what is 101 + 2661?
3062
In base 6, what is 110 + -24225?
-24115
In base 3, what is -221 - -202202?
201211
In base 12, what is 9a + 4a43?
4b21
In base 12, what is -2411 + 31?
-23a0
In base 14, what is -43 - -1546?
1503
In base 2, what is 10011001001111110011000 - -1?
10011001001111110011001
In base 6, what is 1233021 - 1?
1233020
In base 10, what is -5 + 9088?
9083
In base 9, what is 10488 - -8?
10507
In base 8, what is -2 - -12241?
12237
In base 11, what is -4a7a - -13?
-4a67
In base 8, what is 2 - -633302?
633304
In base 5, what is -114342 - 10?
-114402
In base 14, what is 9 + 33c?
347
In base 7, what is -34432 - 0?
-34432
In base 15, what is -1b6a - a0?
-1c1a
In base 9, what is 217 - -555?
773
In base 5, what is -3 - 104131?
-104134
In base 10, what is 394 - -19?
413
In base 4, what is 113132011 - 2?
113132003
In base 15, what is 2 + -b8d7?
-b8d5
In base 11, what is -5 - -40782a?
407825
In base 9, what is 4238 - -10?
4248
In base 2, what is -110010001010 - 10001100?
-110100010110
In base 14, what is -c8863 + -2?
-c8865
In base 15, what is 4 + -95c7?
-95c3
In base 10, what is -3 - -27553?
27550
In base 10, what is -1 + -206709?
-206710
In base 3, what is 1 + 1020122111?
1020122112
In base 12, what is 6719 - -23a?
6957
In base 14, what is 98 + 139?
1d3
In base 7, what is -5464 - -22?
-5442
In base 13, what is -3 + 4378c?
43789
In base 5, what is 2144400331 - -3?
2144400334
In base 11, what is 5 + -14193?
-14189
In base 4, what is -11 + -1030323002?
-1030323013
In base 9, what is -358 - -284?
-64
In base 3, what is 10 - -1002000011122?
1002000011202
In base 14, what is -4dab + 0?
-4dab
In base 15, what is 0 + dc08c?
dc08c
In base 2, what is 10100100100 - -10111110100?
101100011000
In base 13, what is 2 - 7a99?
-7a97
In base 7, what is 364146 - 4?
364142
In base 6, what is -35340 + -1004?
-40344
In base 9, what is 13 - 73483?
-73470
In base 14, what is -1323 + -18?
-133b
In base 6, what is 210 - -300012?
300222
In base 8, what is 1456150 - 3?
1456145
In base 13, what is -2858 - 19?
-2874
In base 12, what is 15 + -142b?
-1416
In base 7, what is -1 + 450145?
450144
In base 2, what is 1011100 - -11010101010011?
11010110101111
In base 15, what is 0 + 28434?
28434
In base 2, what is -1010001011111001 - 101?
-1010001011111110
In base 14, what is 2 - 115056?
-115054
In base 9, what is -2435227 + 2?
-2435225
In base 3, what is 0 + 10111210120?
10111210120
In base 8, what is 2 + 25456?
25460
In base 14, what is 8 - -118?
122
In base 11, what is 14 + 389?
3a2
In base 6, what is 3 - 132345?
-132342
In base 13, what is -2b7 - -35?
-282
In base 3, what is 1002210 + -2010102?
-1000122
In base 16, what is -4f - 21f?
-26e
In base 15, what is 2 + -ac2a?
-ac28
In base 4, what is -22313112 + 0?
-22313112
In base 2, what is 111 - -11001100101011?
11001100110010
In base 16, what is -1705 - 2f?
-1734
In base 8, what is -32 - 5522?
-5554
In base 5, what is -2041441 - -1?
-2041440
In base 7, what is -203545 - 212?
-204060
In base 8, what is 3564 + -546?
3016
In base 12, what is -ab + 8788?
8699
In base 6, what is 4 + -52544202?
-52544154
In base 4, what is 3 + 13133223?
13133232
In base 12, what is 4292 + 18?
42aa
In base 5, what is 32401 - 44?
32302
In base 6, what is 1222 + -2413?
-1151
In base 4, what is -3302002 - 11?
-3302013
In base 4, what is 1033113102 - 0?
1033113102
In base 16, what is -a9d5 + 2?
-a9d3
In base 12, what is -63a + 8b?
-56b
In base 5, what is 300334 - 220?
300114
In base 14, what is 1 + -6d059?
-6d058
In base 7, what is 10 - -2623126?
2623136
In base 3, what is -1120 - 120220?
-122110
In base 12, what is -48 - -b5b?
b13
In base 15, what is 2 - -22c82?
22c84
In base 2, what is 1100001011100 - 10101000?
1011110110100
In base 14, what is -982 - 1a7?
-b49
In base 12, what is -a1 + 0?
-a1
In base 6, what is 402 - -121450?
122252
In base 7, what is 243461 - -35?
243526
In base 4, what is -21022123 - 11?
-21022200
In base 9, what is -14 - 3407?
-3422
In base 15, what is -82 - -4dc?
45a
In base 14, what is -375a7 + -1?
-375a8
In base 5, what is -4 + -11113033?
-11113042
In base 16, what is a9 + -17?
92
In base 14, what is -2b43 - -17?
-2b2a
In base 3, what is -10111000 - -12?
-10110211
In base 16, what is c - -132ef?
132fb
In base 3, what is -21202 - -100120211?
100022002
In base 6, what is -4505 + 10031?
1122
In base 9, what is 236 - -655?
1002
In base 12, what is -3 - 13425?
-13428
In base 4, what is -112 - -321023?
320311
In base 6, what is 2 + 1244123?
1244125
In base 7, what is -5214566 + 5?
-5214561
In base 7, what is -2 + -223632?
-223634
In base 2, what is -10000001110 - -101011?
-1111100011
In base 8, what is 1 - 130637?
-130636
In base 15, what is -12e18 + 5?
-12e13
In base 5, what is 402213032 - -1?
402213033
In base 5, what is 1212334 - -103?
1212442
In base 9, what is -56115 - -1?
-56114
In base 15, what is -5 + 14702?
146ec
In base 14, what is -157 - 18a?
-303
In base 9, what is -334 - -245?
-78
In base 3, what is -1102010111 - 0?
-1102010111
In base 14, what is -2c - 2db?
-329
In base 5, what is 24 - 11200302?
-11200223
In base 11, what is -3 - 9022?
-9025
In base 15, what is -45a - 29?
-484
In base 3, what is 2011 - 1000010?
-220222
In base 7, what is -455232 + 1?
-455231
In base 7, what is -161 - -54513?
54322
In base 15, what is 5a3 + -2c?
576
In base 5, what is -4310 + 2?
-4303
In base 3, what is 2 - -1212100221?
1212101000
In base 12, what is -a6 - -5a?
-48
In base 12, what is -30020 - -5?
-30017
In base 9, what is -42140 + 18?
-42121
In base 8, what is 65517 + 5?
65524
In base 3, what is 2002002010 - 100020?
2001201220
In base 10, what is -89881 + 12?
-89869
In base 13, what is 1ba - 43?
177
In base 3, what is -10110201200 + 2?
-10110201121
In base 10, what is -98539 - -10?
-98529
In base 13, what is -371 + -19?
-38a
In base 6, what is -12 - 55530?
-55542
In base 7, what is 0 - 32300?
-32300
In base 10, what is 202 - 17?
185
In base 5, what is 3442 - 1122?
2320
In base 16, what is ae - -3d9?
487
In base 8, what is -14161 - 2?
-14163
In base 10, what is 1555853 + -1?
1555852
In base 16, what is -6c - 87d7?
-8843
In base 5, what is 2 + 3324334?
3324341
In base 11, what is 57 - 1702?
-1656
In base 13, what is -11772 + -5?
-11777
In base 15, what is 3cc1be + 3?
3cc1c2
In base 9, what is 46 - 640?
-583
In base 10, what is -1037 - -40?
-997
In base 16, what is d + -a77?
-a6a
In base 14, what is -229 + -21?
-24a
In base 6, what is 453 + 3415?
4312
In base 6, what is -1300 - -150234?
144534
In base 10, what is -3624 - 14?
-3638
In base 13, what is -29 - 2248b?
-224b7
In base 9, what is -1 + 1711?
1710
In base 13, what is -a - -9?
-1
In base 7, what is 101 + -3023?
-2622
In base 14, what is 7173 + 1c?
7191
In base 16, what is 58e4 + b?
58ef
In base 11, what is -1 - a0a27?
-a0a28
In base 13, what is 8385 + -3?
8382
In base 15, what is 16 - -16313?
16329
In base 4, what is 3 - 3212123?
-3212